{"version":"1.0","provider_name":"Blog da Rosana Hessel","provider_url":"https:\/\/newblogs.correiobraziliense.com.br\/blog-da-rosana-hessel","author_name":"Rosana Hessel","author_url":"https:\/\/newblogs.correiobraziliense.com.br\/blog-da-rosana-hessel\/author\/rosanahessel\/","title":"ARTIGO: O imperador, a cor laranja e o bobo - Blog da Rosana Hessel","type":"rich","width":600,"height":338,"html":"<blockquote class=\"wp-embedded-content\" data-secret=\"RVohMEHqRf\"><a href=\"https:\/\/newblogs.correiobraziliense.com.br\/blog-da-rosana-hessel\/33340-2\/\">ARTIGO: O imperador, a cor laranja e o bobo<\/a><\/blockquote><iframe sandbox=\"allow-scripts\" security=\"restricted\" src=\"https:\/\/newblogs.correiobraziliense.com.br\/blog-da-rosana-hessel\/33340-2\/embed\/#?secret=RVohMEHqRf\" width=\"600\" height=\"338\" title=\"&#8220;ARTIGO: O imperador, a cor laranja e o bobo&#8221; &#8212; Blog da Rosana Hessel\" data-secret=\"RVohMEHqRf\" frameborder=\"0\" marginwidth=\"0\" marginheight=\"0\" scrolling=\"no\" class=\"wp-embedded-content\"><\/iframe><script>\n\/*! This file is auto-generated *\/\n!function(d,l){\"use strict\";l.querySelector&&d.addEventListener&&\"undefined\"!=typeof URL&&(d.wp=d.wp||{},d.wp.receiveEmbedMessage||(d.wp.receiveEmbedMessage=function(e){var t=e.data;if((t||t.secret||t.message||t.value)&&!\/[^a-zA-Z0-9]\/.test(t.secret)){for(var s,r,n,a=l.querySelectorAll('iframe[data-secret=\"'+t.secret+'\"]'),o=l.querySelectorAll('blockquote[data-secret=\"'+t.secret+'\"]'),c=new RegExp(\"^https?:$\",\"i\"),i=0;i<o.length;i++)o[i].style.display=\"none\";for(i=0;i<a.length;i++)s=a[i],e.source===s.contentWindow&&(s.removeAttribute(\"style\"),\"height\"===t.message?(1e3<(r=parseInt(t.value,10))?r=1e3:~~r<200&&(r=200),s.height=r):\"link\"===t.message&&(r=new URL(s.getAttribute(\"src\")),n=new URL(t.value),c.test(n.protocol))&&n.host===r.host&&l.activeElement===s&&(d.top.location.href=t.value))}},d.addEventListener(\"message\",d.wp.receiveEmbedMessage,!1),l.addEventListener(\"DOMContentLoaded\",function(){for(var e,t,s=l.querySelectorAll(\"iframe.wp-embedded-content\"),r=0;r<s.length;r++)(t=(e=s[r]).getAttribute(\"data-secret\"))||(t=Math.random().toString(36).substring(2,12),e.src+=\"#?secret=\"+t,e.setAttribute(\"data-secret\",t)),e.contentWindow.postMessage({message:\"ready\",secret:t},\"*\")},!1)))}(window,document);\n\/\/# sourceURL=https:\/\/newblogs.correiobraziliense.com.br\/blog-da-rosana-hessel\/wp-includes\/js\/wp-embed.min.js\n<\/script>\n","thumbnail_url":"http:\/\/newblogs.correiobraziliense.com.br\/blog-da-rosana-hessel\/wp-content\/uploads\/sites\/5\/2025\/07\/CBIFOT180720180646.webp","thumbnail_width":400,"thumbnail_height":254,"description":"O presidente dos EUA, Donald Trump, j\u00e1 n\u00e3o ama com intensidade seu hom\u00f3logo russo, Vladimir Putin. Acusa-o de prometer paz e depois s\u00f3 fazer a guerra"}

O presidente dos EUA, Donald Trump, já não ama com intensidade seu homólogo russo, Vladimir Putin. Acusa-o de prometer paz e depois só fazer a guerra
